{"id":1056,"date":"2018-06-04T15:47:43","date_gmt":"2018-06-04T13:47:43","guid":{"rendered":"http:\/\/www.aws-neckartenzlingen.de\/w\/?page_id=1056"},"modified":"2021-12-17T19:40:33","modified_gmt":"2021-12-17T18:40:33","slug":"datenschutzerklaerung","status":"publish","type":"page","link":"https:\/\/www.aws-neckartenzlingen.de\/w\/datenschutzerklaerung\/","title":{"rendered":"Datenschutzerkl\u00e4rung"},"content":{"rendered":"<p><span style=\"font-size: 12pt;\"><strong>Datenschutzerkl\u00e4rung nach EU-DSGVO<\/strong><\/span><\/p>\n<p lang=\"zxx\"><span style=\"font-size: 12pt;\"><strong>1. Verantwortliche*r und Datenschutzbeauftragte*r<\/strong><\/span><\/p>\n<p lang=\"zxx\"><span style=\"font-size: 12pt;\">1.1 Verantwortliche gem. Art. 4 Abs. 7 EU-Datenschutz-Grundverordnung (EU-DSGVO) ist die Schulleiterin<\/span><\/p>\n<p lang=\"zxx\"><span style=\"font-size: 12pt;\">Sylvia Leis<\/span><br \/>\n<span style=\"font-size: 12pt;\">Auwiesenschule<\/span><br \/>\n<span style=\"font-size: 12pt;\">Auwiesen 1<\/span><br \/>\n<span style=\"font-size: 12pt;\">72654 Neckartenzlingen<\/span><\/p>\n<p lang=\"zxx\"><span style=\"font-size: 12pt;\"><a href=\"mailto:schulleitung@aws-neckartenzlingen.de\">schulleitung@aws-neckartenzlingen.de<\/a><\/span><\/p>\n<p lang=\"zxx\"><span style=\"font-size: 12pt;\">1.2 Unseren Datenschutzbeauftragten erreichen Sie unter<\/span><\/p>\n<p lang=\"zxx\"><span style=\"font-size: 12pt;\">Staatliches Schulamt N\u00fcrtingen<\/span><br \/>\n<span style=\"font-size: 12pt;\">Marktsta\u00dfe 12-14<\/span><br \/>\n<span style=\"font-size: 12pt;\">72622 N\u00fcrtingen<\/span><\/p>\n<p lang=\"zxx\"><span style=\"font-size: 12pt;\">mit dem Zusatz \u201eder Datenschutzbeauftragte\u201c.<\/span><\/p>\n<p lang=\"zxx\"><span style=\"font-size: 12pt;\">oder unter<\/span><\/p>\n<p lang=\"zxx\"><span style=\"font-size: 12pt;\"><a href=\"mailto:Datenschutz@ssa-nt.kv.bwl.de\">datenschutz@ssa-nt.kv.bwl.de<\/a><\/span><\/p>\n<p lang=\"zxx\"><span style=\"font-size: 12pt;\"><strong>2. Information \u00fcber die Erhebung personenbezogener Daten, Speicherdauer<\/strong><\/span><\/p>\n<p lang=\"zxx\"><span style=\"font-size: 12pt;\">2.1 Im Folgenden informieren wir \u00fcber die Erhebung personenbezogener Daten bei Nutzung unserer Website. Personenbezogene Daten sind alle Daten, die auf Sie pers\u00f6nlich beziehbar sind, <\/span><span style=\"font-size: 12pt;\">z. B. Name, Adresse, E-Mail-Adressen, Nutzerverhalten.<\/span><\/p>\n<p lang=\"zxx\"><span style=\"font-size: 12pt;\">2.2 Bei Ihrer Kontaktaufnahme mit uns per E-Mail oder \u00fcber ein Kontaktformular werden die von Ihnen mitgeteilten Daten (Ihre E-Mail-Adresse, ggf. Ihr Name und Ihre Telefonnummer) von uns gespeichert, um Ihre Fragen zu beantworten. Die in diesem Zusammenhang anfallenden Daten l\u00f6schen wir, nachdem die Speicherung nicht mehr erforderlich ist, oder schr\u00e4nken die Verarbeitung ein, falls gesetzliche Aufbewahrungspflichten bestehen.<\/span><\/p>\n<p lang=\"zxx\"><span style=\"font-size: 12pt;\">2.3 Falls wir f\u00fcr einzelne Funktionen unseres Angebots auf beauftragte Dienstleister zur\u00fcckgreifen oder Ihre Daten f\u00fcr werbliche Zwecke nutzen m\u00f6chten, werden wir Sie untenstehend im Detail \u00fcber die jeweiligen Vorg\u00e4nge informieren. Dabei nennen wir auch die festgelegten Kriterien der Speicherdauer.<\/span><\/p>\n<p lang=\"zxx\"><span style=\"font-size: 12pt;\"><strong>3. Ihre Rechte<\/strong><\/span><\/p>\n<p lang=\"zxx\"><span style=\"font-size: 12pt;\">3.1 Sie haben gegen\u00fcber uns folgende Rechte hinsichtlich der Sie betreffenden personenbezogenen <\/span><span style=\"font-size: 12pt;\">Daten:<\/span><\/p>\n<p lang=\"zxx\"><span style=\"font-size: 12pt;\">\u2013 Recht auf Auskunft,<\/span><\/p>\n<p lang=\"zxx\"><span style=\"font-size: 12pt;\">\u2013 Recht auf Berichtigung oder L\u00f6schung,<\/span><\/p>\n<p lang=\"zxx\"><span style=\"font-size: 12pt;\">\u2013 Recht auf Einschr\u00e4nkung der Verarbeitung,<\/span><\/p>\n<p lang=\"zxx\"><span style=\"font-size: 12pt;\">\u2013 Recht auf Widerspruch gegen die Verarbeitung,<\/span><\/p>\n<p lang=\"zxx\"><span style=\"font-size: 12pt;\">\u2013 Recht auf Daten\u00fcbertragbarkeit.<\/span><\/p>\n<p lang=\"zxx\"><span style=\"font-size: 12pt;\">3.2 Sie haben zudem das Recht, sich bei einer Datenschutz-Aufsichtsbeh\u00f6rde \u00fcber die Verarbeitung <\/span><span style=\"font-size: 12pt;\">Ihrer personenbezogenen Daten durch uns zu beschweren. Die Datenschutzaufsichtsbeh\u00f6rde ist der Landesbeauftragte f\u00fcr den Datenschutz und die Informationsfreiheit (LfDI), K\u00f6nigstrasse 10a, 70173 Stuttgart.<\/span><\/p>\n<p lang=\"zxx\"><span style=\"font-size: 12pt;\">3.3 Werden personenbezogene Daten an ein Drittland oder an eine internationale Organisation \u00fcbermittelt, so haben Sie das Recht, \u00fcber die geeigneten Garantien gem\u00e4\u00df Art. 46 EU-DSGVO im Zusammenhang mit der \u00dcbermittlung unterrichtet zu werden.<\/span><\/p>\n<p lang=\"zxx\"><span style=\"font-size: 12pt;\"><strong>4. Erhebung und Zweck personenbezogener Daten bei Besuch unserer Website<\/strong><\/span><\/p>\n<p lang=\"zxx\"><span style=\"font-size: 12pt;\">4.1 Bei der blo\u00df informatorischen Nutzung der Website, also wenn Sie sich nicht registrieren oder uns anderweitig Informationen \u00fcbermitteln, erheben wir nur die personenbezogenen Daten, die Ihr Browser an unseren Server \u00fcbermittelt. Wenn Sie unsere Website betrachten m\u00f6chten, erheben wir die folgenden Daten, die f\u00fcr uns technisch erforderlich sind, um Ihnen unsere Website anzuzeigen und die Stabilit\u00e4t und Sicherheit zu gew\u00e4hrleisten (Rechtsgrundlage ist Art. 6 Abs. 1 S. 1 lit. f EU-DSGVO):<\/span><\/p>\n<p lang=\"zxx\"><span style=\"font-size: 12pt;\">&#8211; IP-Adresse<\/span><\/p>\n<p lang=\"zxx\"><span style=\"font-size: 12pt;\">&#8211; Datum und Uhrzeit der Anfrage<\/span><\/p>\n<p lang=\"zxx\"><span style=\"font-size: 12pt;\">&#8211; Zeitzonendifferenz zur Greenwich Mean Time (GMT)<\/span><\/p>\n<p lang=\"zxx\"><span style=\"font-size: 12pt;\">&#8211; Inhalt der Anforderung (konkrete Seite)<\/span><\/p>\n<p lang=\"zxx\"><span style=\"font-size: 12pt;\">&#8211; Zugriffsstatus\/HTTP-Statuscode<\/span><\/p>\n<p lang=\"zxx\"><span style=\"font-size: 12pt;\">&#8211; jeweils \u00fcbertragene Datenmenge<\/span><\/p>\n<p lang=\"zxx\"><span style=\"font-size: 12pt;\">&#8211; Website, von der die Anforderung kommt<\/span><\/p>\n<p lang=\"zxx\"><span style=\"font-size: 12pt;\">&#8211; Browser<\/span><\/p>\n<p lang=\"zxx\"><span style=\"font-size: 12pt;\">&#8211; Betriebssystem und dessen Oberfl\u00e4che<\/span><\/p>\n<p lang=\"zxx\"><span style=\"font-size: 12pt;\">&#8211; Sprache und Version der Browsersoftware<\/span><\/p>\n<p lang=\"zxx\"><span style=\"font-size: 12pt;\">Zus\u00e4tzlich zu den zuvor genannten Daten werden bei Ihrer Nutzung unserer Website Cookies auf <\/span><span style=\"font-size: 12pt;\">Ihrem Rechner gespeichert. Bei Cookies handelt es sich um kleine Textdateien, die auf Ihrer Festplatte dem von Ihnen verwendeten Browser zugeordnet gespeichert werden und durch welche der Stelle, die den Cookie setzt (hier durch uns), bestimmte Informationen zuflie\u00dfen. Cookies k\u00f6nnen keine Programme ausf\u00fchren oder Viren auf Ihren Computer \u00fcbertragen. Sie dienen dazu, das Internetangebot insgesamt nutzerfreundlicher und effektiver zu machen.<\/span><\/p>\n<p lang=\"zxx\"><span style=\"font-size: 12pt;\">4.2 Einsatz von Cookies:<\/span><\/p>\n<p lang=\"zxx\"><span style=\"font-size: 12pt;\">a) Diese Website nutzt folgende Arten von Cookies, deren Umfang und Funktionsweise im Folgenden erl\u00e4utert werden:<\/span><\/p>\n<p lang=\"zxx\"><span style=\"font-size: 12pt;\">\u2013 Transiente Cookies (dazu b)<\/span><\/p>\n<p lang=\"zxx\"><span style=\"font-size: 12pt;\">\u2013 Persistente Cookies (dazu c).<\/span><\/p>\n<p lang=\"zxx\"><span style=\"font-size: 12pt;\">b) Transiente Cookies werden automatisiert gel\u00f6scht, wenn Sie den Browser schlie\u00dfen. Dazu z\u00e4hlen insbesondere die Session-Cookies. Diese speichern eine sogenannte Session-ID, mit welcher sich verschiedene Anfragen Ihres Browsers der gemeinsamen Sitzung zuordnen lassen. Dadurch kann Ihr Rechner wiedererkannt werden, wenn Sie auf unsere Website zur\u00fcckkehren. Die Session-Cookies werden gel\u00f6scht, wenn Sie sich ausloggen oder den Browser schlie\u00dfen.<\/span><\/p>\n<p lang=\"zxx\"><span style=\"font-size: 12pt;\">c) Persistente Cookies werden automatisiert nach einer vorgegebenen Dauer gel\u00f6scht, die sich je nach Cookie unterscheiden kann. Sie k\u00f6nnen die Cookies in den Sicherheitseinstellungen Ihres Browsers jederzeit l\u00f6schen.<\/span><\/p>\n<p lang=\"zxx\"><span style=\"font-size: 12pt;\">d) Sie k\u00f6nnen Ihre Browser-Einstellung entsprechend Ihren W\u00fcnschen konfigurieren und z.B. die Annahme von Third-Party-Cookies oder allen Cookies ablehnen. Wir weisen Sie darauf hin, dass Sie eventuell nicht alle Funktionen dieser Website nutzen k\u00f6nnen.<\/span><\/p>\n<p lang=\"zxx\"><span style=\"font-size: 12pt;\">e) Wir setzen Cookies ein, um Sie f\u00fcr Folgebesuche identifizieren zu k\u00f6nnen, falls Sie \u00fcber einen Account bei uns verf\u00fcgen. Andernfalls m\u00fcssten Sie sich f\u00fcr jeden Besuch erneut einloggen.<\/span><\/p>\n<p lang=\"zxx\"><span style=\"font-size: 12pt;\">f) Die genutzten Flash-Cookies werden nicht durch Ihren Browser erfasst, sondern durch Ihr Flash-Plug-in. Weiterhin nutzen wir HTML5 storage objects, die auf Ihrem Endger\u00e4t abgelegt werden. Diese Objekte speichern die erforderlichen Daten unabh\u00e4ngig von Ihrem verwendeten Browser und haben kein automatisches Ablaufdatum. Wenn Sie keine Verarbeitung der FlashCookies w\u00fcnschen, m\u00fcssen Sie ein entsprechendes Add-On installieren, z.B. \u201eBetter Privacy\u201c f\u00fcr Mozilla Firefox (https:\/\/addons.mozilla.org\/de\/firefox\/addon\/betterprivacy\/) oder das AdobeFlash-Killer-Cookie f\u00fcr Google Chrome. Die Nutzung von HTML5 storage objects k\u00f6nnen Sie verhindern, indem Sie in Ihrem Browser den privaten Modus einsetzen. Zudem empfehlen wir, <\/span><span style=\"font-size: 12pt;\">regelm\u00e4\u00dfig Ihre Cookies und den Browser-Verlauf manuell zu l\u00f6schen.<\/span><\/p>\n","protected":false},"excerpt":{"rendered":"<p>Datenschutzerkl\u00e4rung nach EU-DSGVO 1. Verantwortliche*r und Datenschutzbeauftragte*r 1.1 Verantwortliche gem. Art. 4 Abs. 7 EU-Datenschutz-Grundverordnung<\/p>\n","protected":false},"author":1,"featured_media":0,"parent":0,"menu_order":0,"comment_status":"closed","ping_status":"closed","template":"","meta":{"_themeisle_gutenberg_block_has_review":false,"footnotes":""},"class_list":["post-1056","page","type-page","status-publish","hentry"],"publishpress_future_action":{"enabled":false,"date":"2026-04-25 00:31:30","action":"change-status","newStatus":"draft","terms":[],"taxonomy":"","extraData":[]},"publishpress_future_workflow_manual_trigger":{"enabledWorkflows":[]},"_links":{"self":[{"href":"https:\/\/www.aws-neckartenzlingen.de\/w\/wp-json\/wp\/v2\/pages\/1056","targetHints":{"allow":["GET"]}}],"collection":[{"href":"https:\/\/www.aws-neckartenzlingen.de\/w\/wp-json\/wp\/v2\/pages"}],"about":[{"href":"https:\/\/www.aws-neckartenzlingen.de\/w\/wp-json\/wp\/v2\/types\/page"}],"author":[{"embeddable":true,"href":"https:\/\/www.aws-neckartenzlingen.de\/w\/wp-json\/wp\/v2\/users\/1"}],"replies":[{"embeddable":true,"href":"https:\/\/www.aws-neckartenzlingen.de\/w\/wp-json\/wp\/v2\/comments?post=1056"}],"version-history":[{"count":25,"href":"https:\/\/www.aws-neckartenzlingen.de\/w\/wp-json\/wp\/v2\/pages\/1056\/revisions"}],"predecessor-version":[{"id":24271,"href":"https:\/\/www.aws-neckartenzlingen.de\/w\/wp-json\/wp\/v2\/pages\/1056\/revisions\/24271"}],"wp:attachment":[{"href":"https:\/\/www.aws-neckartenzlingen.de\/w\/wp-json\/wp\/v2\/media?parent=1056"}],"curies":[{"name":"wp","href":"https:\/\/api.w.org\/{rel}","templated":true}]}}