{"id":1063,"date":"2018-06-04T15:58:02","date_gmt":"2018-06-04T13:58:02","guid":{"rendered":"http:\/\/www.aws-neckartenzlingen.de\/w\/?page_id=1063"},"modified":"2021-12-17T19:40:54","modified_gmt":"2021-12-17T18:40:54","slug":"impressum","status":"publish","type":"page","link":"https:\/\/www.aws-neckartenzlingen.de\/w\/impressum\/","title":{"rendered":"Impressum"},"content":{"rendered":"<p><span style=\"font-size: 12pt;\"><strong>Impressum nach Telemediengesetz<\/strong><\/span><\/p>\n<p lang=\"zxx\"><span style=\"font-size: 12pt;\"><strong>Herausgeber:<\/strong><\/span><\/p>\n<p><span style=\"font-size: 12pt;\">Land Baden-W\u00fcrttemberg,<\/span><br \/>\n<span style=\"font-size: 12pt;\">vertreten durch die Auwiesenschule Neckartenzlingen, GWRS<br \/>\n<\/span><\/p>\n<p><span style=\"font-size: 12pt;\">Auwiesen 1<\/span><br \/>\n<span style=\"font-size: 12pt;\">72654 Neckartenzlingen<\/span><br \/>\n<span style=\"font-size: 12pt;\">Telefon: 07127 93299-0<\/span><br \/>\n<span style=\"font-size: 12pt;\">Telefax: 07127 93299-40<\/span><br \/>\n<span style=\"font-size: 12pt;\"><a href=\"mailto:info@aws-neckartenzlingen.de\">info@aws-neckartenzlingen.de<\/a><\/span><\/p>\n<p lang=\"zxx\"><span style=\"font-size: 12pt;\"><strong>Vertretungsberechtigte:<\/strong><\/span><\/p>\n<p lang=\"zxx\"><span style=\"font-size: 12pt;\">Schulleiterin<\/span><br \/>\n<span style=\"font-size: 12pt;\">Sylvia Leis<\/span><br \/>\n<span style=\"font-size: 12pt;\">Auwiesenschule<\/span><br \/>\n<span style=\"font-size: 12pt;\">Auwiesen 1<\/span><br \/>\n<span style=\"font-size: 12pt;\">72654 Neckartenzlingen<\/span><br \/>\n<span style=\"font-size: 12pt;\"><a href=\"mailto:schulleitung@aws-neckartenzlingen.de\">schulleitung@aws-neckartenzlingen.de<\/a><\/span><\/p>\n<p lang=\"zxx\"><span style=\"font-size: 12pt;\"><strong>Verantwortlich im Sinne von \u00a7 55 RStV:<\/strong><\/span><\/p>\n<p><span style=\"font-size: 12pt;\">Christian Kittel<\/span><br \/>\n<span style=\"font-size: 12pt;\">Auwiesenschule<\/span><br \/>\n<span style=\"font-size: 12pt;\">Auwiesen 1<\/span><br \/>\n<span style=\"font-size: 12pt;\">72654 Neckartenzlingen<\/span><br \/>\n<a href=\"mailto:webmaster@aws-neckartenzlingen.de\"><span style=\"font-size: 12pt;\">webmaster@aws-neckartenzlingen.de<\/span><\/a><\/p>\n<p lang=\"zxx\"><span style=\"font-size: 12pt;\"><strong>Rechtliche Hinweise:<\/strong><\/span><\/p>\n<p lang=\"zxx\"><span style=\"font-size: 12pt;\"><strong>Urheberrecht<\/strong><br \/>\nTexte, Bilder, Grafiken und Fotos sowie die Gestaltung dieser Internetseiten unterliegen dem Urheberrecht. Sie d\u00fcrfen von Ihnen nur zum privaten und sonstigen eigenen Gebrauch im Rahmen des \u00a7 53 Urheberrechtsgesetz (UrhG) ohne jede \u00c4nderung vervielf\u00e4ltigt werden.<\/span><\/p>\n<p><span style=\"font-size: 12pt;\">Eine Verbreitung von Kopien (analog oder digital) oder Ausz\u00fcgen ist nur mit schriftlicher Genehmigung zul\u00e4ssig. Der Nachdruck und die Auswertung von Pressemitteilungen und Reden sind mit Quellenangabe gestattet.<\/span><\/p>\n<p><span style=\"font-size: 12pt;\">Texte, Bilder, Grafiken und sonstige Materialien k\u00f6nnen ganz oder teilweise dem Urheberrecht Dritter unterliegen. Die Inhalte Dritter sind als solche kenntlich gemacht und d\u00fcrfen ohne Einwilligung des Rechteinhabers nicht vervielf\u00e4ltigt, \u00f6ffentlich zug\u00e4nglich gemacht oder \u00f6ffentlich wiedergegeben werden.<\/span><\/p>\n<p><span style=\"font-size: 12pt;\"><strong>Haftung f\u00fcr Inhalte<\/strong><\/span><br \/>\n<span style=\"font-size: 12pt;\">Die Informationen, die Sie auf diesem Internetauftritt vorfinden, wurden nach bestem <\/span><span style=\"font-size: 12pt;\">Wissen und Gewissen sorgf\u00e4ltig zusammengestellt und gepr\u00fcft. F\u00fcr die Richtigkeit, <\/span><span style=\"font-size: 12pt;\">Vollst\u00e4ndigkeit, Aktualit\u00e4t oder Qualit\u00e4t und jederzeitige Verf\u00fcgbarkeit der bereit gestellten Informationen wird jedoch keine Gew\u00e4hr \u00fcbernommen.<br \/>\n<\/span><br \/>\n<span style=\"font-size: 12pt;\">Diensteanbieter sind gem\u00e4\u00df \u00a7 7 Abs.1 TMG f\u00fcr eigene Inhalte auf diesen Seiten <\/span><span style=\"font-size: 12pt;\">nach den allgemeinen Gesetzen verantwortlich. Diensteanbieter sind jedoch nicht <\/span><span style=\"font-size: 12pt;\">verpflichtet, \u00fcbermittelte oder gespeicherte fremde Informationen zu \u00fcberwachen oder nach Umst\u00e4nden zu forschen, die auf eine rechtswidrige T\u00e4tigkeit hinweisen.<\/span><\/p>\n<p><span style=\"font-size: 12pt;\">Verpflichtungen zur Entfernung oder Sperrung der Nutzung von Informationen nach <\/span><span style=\"font-size: 12pt;\">den allgemeinen Gesetzen bleiben hiervon unber\u00fchrt.<\/span><\/p>\n<p lang=\"zxx\"><span style=\"font-size: 12pt;\">Dieser Internetauftritt enth\u00e4lt auch Links oder Verweise auf Internetauftritte Dritter. Diese Links zu den Internetauftritten Dritter stellen keine Zustimmung zu deren Inhalten durch den Herausgeber dar.<\/span><\/p>\n<p lang=\"zxx\"><span style=\"font-size: 12pt;\">F\u00fcr die Inhalte der externen Links sind die jeweiligen Anbieter oder Betreiber (Urheber) der Seiten verantwortlich. Mit den Links zu anderen Internetauftritten wird den Nutzern lediglich der Zugang zur Nutzung der Inhalte vermittelt.<\/span><\/p>\n<p><span style=\"font-size: 12pt;\">Die externen Links wurden zum Zeitpunkt der Linksetzung nach bestem Wissen und <\/span><span style=\"font-size: 12pt;\">Gewissen auf eventuelle Rechtsverst\u00f6\u00dfe \u00fcberpr\u00fcft. Eine st\u00e4ndige inhaltliche \u00dcberpr\u00fcfung der externen Links ist ohne konkrete Anhaltspunkte einer Rechtsverletzung nicht m\u00f6glich.<\/span><\/p>\n<p><span style=\"font-size: 12pt;\"> Bei Verlinkungen auf die Webseiten Dritter, die au\u00dferhalb des Verantwortungsbereichs des Herausgebers liegen, w\u00fcrde eine Haftungsverpflichtung nur bestehen, wenn der Herausgeber von den rechtswidrigen Inhalten Kenntnis erlangen und es technisch m\u00f6glich und zumutbar w\u00e4re, die Nutzung dieser Inhalte zu verhindern. <\/span><\/p>\n<p><span style=\"font-size: 12pt;\">Sollten Sie der Ansicht sein, dass die verlinkten externen Seiten gegen geltendes Recht versto\u00dfen oder sonst unangemessene Inhalte haben, so teilen Sie uns dies bitte mit.<\/span><\/p>\n","protected":false},"excerpt":{"rendered":"<p>Impressum nach Telemediengesetz Herausgeber: Land Baden-W\u00fcrttemberg, vertreten durch die Auwiesenschule Neckartenzlingen, GWRS Auwiesen 1 72654<\/p>\n","protected":false},"author":1,"featured_media":0,"parent":0,"menu_order":0,"comment_status":"closed","ping_status":"closed","template":"","meta":{"_themeisle_gutenberg_block_has_review":false,"footnotes":""},"class_list":["post-1063","page","type-page","status-publish","hentry"],"publishpress_future_action":{"enabled":false,"date":"2026-04-23 02:05:51","action":"change-status","newStatus":"draft","terms":[],"taxonomy":"","extraData":[]},"publishpress_future_workflow_manual_trigger":{"enabledWorkflows":[]},"_links":{"self":[{"href":"https:\/\/www.aws-neckartenzlingen.de\/w\/wp-json\/wp\/v2\/pages\/1063","targetHints":{"allow":["GET"]}}],"collection":[{"href":"https:\/\/www.aws-neckartenzlingen.de\/w\/wp-json\/wp\/v2\/pages"}],"about":[{"href":"https:\/\/www.aws-neckartenzlingen.de\/w\/wp-json\/wp\/v2\/types\/page"}],"author":[{"embeddable":true,"href":"https:\/\/www.aws-neckartenzlingen.de\/w\/wp-json\/wp\/v2\/users\/1"}],"replies":[{"embeddable":true,"href":"https:\/\/www.aws-neckartenzlingen.de\/w\/wp-json\/wp\/v2\/comments?post=1063"}],"version-history":[{"count":15,"href":"https:\/\/www.aws-neckartenzlingen.de\/w\/wp-json\/wp\/v2\/pages\/1063\/revisions"}],"predecessor-version":[{"id":1918,"href":"https:\/\/www.aws-neckartenzlingen.de\/w\/wp-json\/wp\/v2\/pages\/1063\/revisions\/1918"}],"wp:attachment":[{"href":"https:\/\/www.aws-neckartenzlingen.de\/w\/wp-json\/wp\/v2\/media?parent=1063"}],"curies":[{"name":"wp","href":"https:\/\/api.w.org\/{rel}","templated":true}]}}