{"id":10712,"date":"2020-05-23T19:35:41","date_gmt":"2020-05-23T17:35:41","guid":{"rendered":"http:\/\/www.aws-neckartenzlingen.de\/w\/?page_id=10712"},"modified":"2021-12-17T19:32:39","modified_gmt":"2021-12-17T18:32:39","slug":"ihr-weg-zu-uns","status":"publish","type":"page","link":"https:\/\/www.aws-neckartenzlingen.de\/w\/ihr-weg-zu-uns\/","title":{"rendered":"Ihr Weg zu uns"},"content":{"rendered":"<h3><span style=\"font-size: 12pt;\">Sie finden uns am Schulzentrum Neckartenzlingen<strong><br \/>\n<\/strong><\/span><br \/>\n<iframe loading=\"lazy\" style=\"border: 1px solid black;\" src=\"https:\/\/www.openstreetmap.org\/export\/embed.html?bbox=9.235661029815676%2C48.584492830042365%2C9.249458312988283%2C48.58902779134857&amp;layer=mapnik&amp;marker=48.586763901167096%2C9.242559671401978\" width=\"800\" height=\"450\" frameborder=\"0\" marginwidth=\"0\" marginheight=\"0\" scrolling=\"no\"><\/iframe><br \/>\n<small><a href=\"https:\/\/www.openstreetmap.org\/?mlat=48.58676&amp;mlon=9.24256#map=17\/48.58676\/9.24256\" target=\"_blank\" rel=\"noopener noreferrer\">Gr\u00f6\u00dfere Karte anzeigen<\/a><\/small><\/h3>\n<p lang=\"zxx\"><span style=\"font-size: 12pt;\">Adresseingabe f\u00fcrs Navi: <\/span><span style=\"font-size: 12pt;\">Auwiesen 1, <\/span><span style=\"font-size: 12pt;\">72654 Neckartenzlingen<\/span><\/p>\n<p>Geokoordinaten: 48.5877\u00b0 N \u00a0\u00a0 \u00a0 9.2424\u00b0 O<\/p>\n","protected":false},"excerpt":{"rendered":"<p>Sie finden uns am Schulzentrum Neckartenzlingen Gr\u00f6\u00dfere Karte anzeigen Adresseingabe f\u00fcrs Navi: Auwiesen 1, 72654<\/p>\n","protected":false},"author":1,"featured_media":0,"parent":0,"menu_order":0,"comment_status":"closed","ping_status":"closed","template":"","meta":{"_themeisle_gutenberg_block_has_review":false,"footnotes":""},"class_list":["post-10712","page","type-page","status-publish","hentry"],"publishpress_future_action":{"enabled":false,"date":"2026-04-28 15:10:29","action":"change-status","newStatus":"draft","terms":[],"taxonomy":"","extraData":[]},"publishpress_future_workflow_manual_trigger":{"enabledWorkflows":[]},"_links":{"self":[{"href":"https:\/\/www.aws-neckartenzlingen.de\/w\/wp-json\/wp\/v2\/pages\/10712","targetHints":{"allow":["GET"]}}],"collection":[{"href":"https:\/\/www.aws-neckartenzlingen.de\/w\/wp-json\/wp\/v2\/pages"}],"about":[{"href":"https:\/\/www.aws-neckartenzlingen.de\/w\/wp-json\/wp\/v2\/types\/page"}],"author":[{"embeddable":true,"href":"https:\/\/www.aws-neckartenzlingen.de\/w\/wp-json\/wp\/v2\/users\/1"}],"replies":[{"embeddable":true,"href":"https:\/\/www.aws-neckartenzlingen.de\/w\/wp-json\/wp\/v2\/comments?post=10712"}],"version-history":[{"count":11,"href":"https:\/\/www.aws-neckartenzlingen.de\/w\/wp-json\/wp\/v2\/pages\/10712\/revisions"}],"predecessor-version":[{"id":28149,"href":"https:\/\/www.aws-neckartenzlingen.de\/w\/wp-json\/wp\/v2\/pages\/10712\/revisions\/28149"}],"wp:attachment":[{"href":"https:\/\/www.aws-neckartenzlingen.de\/w\/wp-json\/wp\/v2\/media?parent=10712"}],"curies":[{"name":"wp","href":"https:\/\/api.w.org\/{rel}","templated":true}]}}