{"id":148,"date":"2017-11-11T12:01:24","date_gmt":"2017-11-11T11:01:24","guid":{"rendered":"http:\/\/www.aws-neckartenzlingen.de\/w\/?page_id=148"},"modified":"2025-05-19T12:46:50","modified_gmt":"2025-05-19T10:46:50","slug":"ansprechpartner","status":"publish","type":"page","link":"https:\/\/www.aws-neckartenzlingen.de\/w\/ansprechpartner\/","title":{"rendered":"AnsprechpartnerInnen"},"content":{"rendered":"<table style=\"border-collapse: collapse; width: 100%;\">\n<tbody>\n<tr>\n<td style=\"width: 26.9076%;\"><img loading=\"lazy\" decoding=\"async\" class=\"alignnone  wp-image-30675\" src=\"https:\/\/www.aws-neckartenzlingen.de\/w\/wp-content\/uploads\/2025\/05\/anikameossner_2.jpg\" alt=\"\" width=\"206\" height=\"280\" srcset=\"https:\/\/www.aws-neckartenzlingen.de\/w\/wp-content\/uploads\/2025\/05\/anikameossner_2.jpg 517w, https:\/\/www.aws-neckartenzlingen.de\/w\/wp-content\/uploads\/2025\/05\/anikameossner_2-221x300.jpg 221w\" sizes=\"auto, (max-width: 206px) 100vw, 206px\" \/><\/td>\n<td style=\"width: 73.0924%;\">Anika M\u00f6\u00dfner,<br \/>\nSchulsekret\u00e4rin<br \/>\n<a href=\"mailto:sekretariat@aws-neckartenzlingen.de\">sekretariat@aws-neckartenzlingen.de<\/a><\/td>\n<\/tr>\n<tr>\n<td style=\"width: 50%;\"><img loading=\"lazy\" decoding=\"async\" class=\"alignnone wp-image-28629\" src=\"https:\/\/www.aws-neckartenzlingen.de\/w\/wp-content\/uploads\/2022\/06\/u_haug.jpg\" alt=\"\" width=\"205\" height=\"289\" \/><\/td>\n<td style=\"width: 50%;\">Uwe Haug,<br \/>\nHausmeister<\/td>\n<\/tr>\n<tr>\n<td style=\"width: 50%;\"><img loading=\"lazy\" decoding=\"async\" class=\"alignnone wp-image-29570\" src=\"https:\/\/www.aws-neckartenzlingen.de\/w\/wp-content\/uploads\/2023\/08\/kiBo23a-207x300.jpg\" alt=\"\" width=\"209\" height=\"303\" \/><\/td>\n<td style=\"width: 50%;\">Christian Kittel,<br \/>\nFachleiter Berufsorientierung<br \/>\n<a href=\"mailto:berufsorientierung@aws-neckartenzlingen.de\">berufsorientierung@aws-neckartenzlingen.de<\/a><\/td>\n<\/tr>\n<tr>\n<td style=\"width: 50%;\"><img loading=\"lazy\" decoding=\"async\" class=\"alignnone wp-image-29118\" src=\"https:\/\/www.aws-neckartenzlingen.de\/w\/wp-content\/uploads\/2022\/12\/misselwitz.jpg\" alt=\"\" width=\"210\" height=\"293\" \/><\/td>\n<td style=\"width: 50%;\">Tanja Misselwitz,<br \/>\nBeratungslehrerin<br \/>\n<a href=\"mailto:t.misselwitz@aws-neckartenzlingen.de\">t.misselwitz@aws-neckartenzlingen.de<\/a><\/td>\n<\/tr>\n<tr>\n<td style=\"width: 50%;\"><img loading=\"lazy\" decoding=\"async\" class=\"alignnone wp-image-523\" src=\"https:\/\/www.aws-neckartenzlingen.de\/w\/wp-content\/uploads\/2017\/11\/MichaGlueck-220x300.jpg\" alt=\"\" width=\"209\" height=\"285\" srcset=\"https:\/\/www.aws-neckartenzlingen.de\/w\/wp-content\/uploads\/2017\/11\/MichaGlueck-220x300.jpg 220w, https:\/\/www.aws-neckartenzlingen.de\/w\/wp-content\/uploads\/2017\/11\/MichaGlueck.jpg 400w\" sizes=\"auto, (max-width: 209px) 100vw, 209px\" \/><\/td>\n<td style=\"width: 50%;\">Micha Gl\u00fcck,<br \/>\nSchulsozialarbeiter<br \/>\n<a href=\"mailto:schulsozialarbeit@aws-neckartenzlingen.de\">schulsozialarbeit@aws-neckartenzlingen.de<\/a><\/td>\n<\/tr>\n<\/tbody>\n<\/table>\n<p>&nbsp;<\/p>\n<p>&nbsp;<\/p>\n","protected":false},"excerpt":{"rendered":"<p>Anika M\u00f6\u00dfner, Schulsekret\u00e4rin sekretariat@aws-neckartenzlingen.de Uwe Haug, Hausmeister Christian Kittel, Fachleiter Berufsorientierung berufsorientierung@aws-neckartenzlingen.de Tanja Misselwitz, Beratungslehrerin<\/p>\n","protected":false},"author":1,"featured_media":0,"parent":0,"menu_order":0,"comment_status":"closed","ping_status":"closed","template":"","meta":{"_themeisle_gutenberg_block_has_review":false,"footnotes":""},"class_list":["post-148","page","type-page","status-publish","hentry"],"publishpress_future_action":{"enabled":false,"date":"2026-04-25 00:29:55","action":"change-status","newStatus":"draft","terms":[],"taxonomy":"","extraData":[]},"publishpress_future_workflow_manual_trigger":{"enabledWorkflows":[]},"_links":{"self":[{"href":"https:\/\/www.aws-neckartenzlingen.de\/w\/wp-json\/wp\/v2\/pages\/148","targetHints":{"allow":["GET"]}}],"collection":[{"href":"https:\/\/www.aws-neckartenzlingen.de\/w\/wp-json\/wp\/v2\/pages"}],"about":[{"href":"https:\/\/www.aws-neckartenzlingen.de\/w\/wp-json\/wp\/v2\/types\/page"}],"author":[{"embeddable":true,"href":"https:\/\/www.aws-neckartenzlingen.de\/w\/wp-json\/wp\/v2\/users\/1"}],"replies":[{"embeddable":true,"href":"https:\/\/www.aws-neckartenzlingen.de\/w\/wp-json\/wp\/v2\/comments?post=148"}],"version-history":[{"count":62,"href":"https:\/\/www.aws-neckartenzlingen.de\/w\/wp-json\/wp\/v2\/pages\/148\/revisions"}],"predecessor-version":[{"id":30676,"href":"https:\/\/www.aws-neckartenzlingen.de\/w\/wp-json\/wp\/v2\/pages\/148\/revisions\/30676"}],"wp:attachment":[{"href":"https:\/\/www.aws-neckartenzlingen.de\/w\/wp-json\/wp\/v2\/media?parent=148"}],"curies":[{"name":"wp","href":"https:\/\/api.w.org\/{rel}","templated":true}]}}