{"id":27100,"date":"2021-02-08T15:01:06","date_gmt":"2021-02-08T14:01:06","guid":{"rendered":"https:\/\/www.aws-neckartenzlingen.de\/w\/?page_id=27100"},"modified":"2025-11-11T19:18:45","modified_gmt":"2025-11-11T18:18:45","slug":"aktuelles-und-projekte-des-schulfoerdervereins","status":"publish","type":"page","link":"https:\/\/www.aws-neckartenzlingen.de\/w\/aktuelles-und-projekte-des-schulfoerdervereins\/","title":{"rendered":"Aktuelles &#038; Projekte"},"content":{"rendered":"<table style=\"border-collapse: collapse; width: 100%;\">\n<tbody>\n<tr>\n<td style=\"width: 97.992%;\"><img loading=\"lazy\" decoding=\"async\" class=\"alignnone wp-image-26418\" src=\"https:\/\/www.aws-neckartenzlingen.de\/w\/wp-content\/uploads\/2020\/11\/foevelogo-2-300x145.jpg\" alt=\"\" width=\"370\" height=\"179\" srcset=\"https:\/\/www.aws-neckartenzlingen.de\/w\/wp-content\/uploads\/2020\/11\/foevelogo-2-300x145.jpg 300w, https:\/\/www.aws-neckartenzlingen.de\/w\/wp-content\/uploads\/2020\/11\/foevelogo-2.jpg 741w\" sizes=\"auto, (max-width: 370px) 100vw, 370px\" \/><\/p>\n<p>Download (*.pdf) <a href=\"https:\/\/www.aws-neckartenzlingen.de\/w\/wp-content\/uploads\/2022\/11\/info22_23_foeve.pdf\" target=\"_blank\" rel=\"noopener\">Flyer<\/a> des Schulf\u00f6rdervereins<\/td>\n<td style=\"width: 2.00803%; text-align: right;\">\n<p style=\"text-align: left;\">\n<\/td>\n<\/tr>\n<\/tbody>\n<\/table>\n<p><span style=\"color: #923a3f;\"><strong><span style=\"font-size: 24pt;\">Einladung zur Mitgliederversammlung am 20.10.2025<\/span><\/strong><\/span><\/p>\n<p><a href=\"https:\/\/www.aws-neckartenzlingen.de\/w\/wp-content\/uploads\/2025\/10\/Einladung_Mitgliederversammlung_FoeVe-AWS_20250922.pdf\"><img loading=\"lazy\" decoding=\"async\" class=\"alignnone size-large wp-image-30853\" src=\"https:\/\/www.aws-neckartenzlingen.de\/w\/wp-content\/uploads\/2025\/10\/Screenshot_20251015_171922_RS-File-Manager-732x1024.jpg\" alt=\"\" width=\"640\" height=\"895\" srcset=\"https:\/\/www.aws-neckartenzlingen.de\/w\/wp-content\/uploads\/2025\/10\/Screenshot_20251015_171922_RS-File-Manager-732x1024.jpg 732w, https:\/\/www.aws-neckartenzlingen.de\/w\/wp-content\/uploads\/2025\/10\/Screenshot_20251015_171922_RS-File-Manager-215x300.jpg 215w, https:\/\/www.aws-neckartenzlingen.de\/w\/wp-content\/uploads\/2025\/10\/Screenshot_20251015_171922_RS-File-Manager-768x1074.jpg 768w, https:\/\/www.aws-neckartenzlingen.de\/w\/wp-content\/uploads\/2025\/10\/Screenshot_20251015_171922_RS-File-Manager.jpg 1079w\" sizes=\"auto, (max-width: 640px) 100vw, 640px\" \/><\/a><\/p>\n<p><a href=\"https:\/\/www.aws-neckartenzlingen.de\/w\/wp-content\/uploads\/2025\/10\/Einladung_Mitgliederversammlung_FoeVe-AWS_20250922.pdf\">Download<\/a> (*.pdf)<\/p>\n<hr \/>\n<p><span style=\"color: #923a3f;\"><strong><span style=\"font-size: 24pt;\">F\u00f6rderverein begeistert beim M\u00fchlenfest mit bunten Kinder-Cocktails<\/span><\/strong><\/span><\/p>\n<p><img loading=\"lazy\" decoding=\"async\" class=\"alignleft wp-image-30849 size-medium\" src=\"https:\/\/www.aws-neckartenzlingen.de\/w\/wp-content\/uploads\/2025\/10\/20251012_120716_copy_2312x1734-300x225.jpg\" alt=\"\" width=\"300\" height=\"225\" \/>Mit einem farbenfrohen Stand hat sich der F\u00f6rderverein der Auwiesenschule am diesj\u00e4hrigen M\u00fchlenfest in Neckartenzlingen beteiligt. Im Mittelpunkt standen fantasievoll benannte Cocktails f\u00fcr Kinder wie Regenbogencocktail, Drachenfunken undHimbeer-Sternenzauber.<\/p>\n<p>Die leuchtenden Farben, funkelnder Glitzer und der fruchtige Geschmack sorgten bei den kleinen Festbesuchern f\u00fcr gro\u00dfe Begeisterung. Als zus\u00e4tzliches Highlight durften alle, die einen Cocktail gekauft hatten, ihr Wurfgeschick an der beliebten S\u00fc\u00dfigkeitenschleuder testen und sich \u00fcber eine kleine Nascherei freuen.<img loading=\"lazy\" decoding=\"async\" class=\"alignright wp-image-30850 size-medium\" src=\"https:\/\/www.aws-neckartenzlingen.de\/w\/wp-content\/uploads\/2025\/10\/20251012_121132_copy_2312x1734-300x225.jpg\" alt=\"\" width=\"300\" height=\"225\" \/><\/p>\n<p>Der F\u00f6rderverein bedankt sich herzlich bei den zahlreichen Besucherinnen und Besuchern, die mit ihrem Kauf nicht nur f\u00fcr fr\u00f6hliche Kinderaugen gesorgt, sondern auch die Projekte des Vereins tatkr\u00e4ftig unterst\u00fctzt haben. Ein besonderer Dank gilt au\u00dferdem der Jugendfeuerwehr Neckartenzlingen, dem F\u00f6rderverein f\u00fcr Kinder und Jugendliche und dem Kindergarten Pusteblume f\u00fcr das Ausleihen von Materialien und ihre Unterst\u00fctzung. So funktioniert Gemeinschaft in Neckartenzlingen!<\/p>\n<hr \/>\n<p><strong><span style=\"font-size: 24pt; color: #923a3f;\">Neuwahlen der Vorstandschaft im Oktober 2024<\/span><\/strong><\/p>\n<p><img loading=\"lazy\" decoding=\"async\" class=\"alignnone size-full wp-image-30387\" src=\"https:\/\/www.aws-neckartenzlingen.de\/w\/wp-content\/uploads\/2024\/11\/IMG_0277.jpg\" alt=\"\" width=\"896\" height=\"747\" srcset=\"https:\/\/www.aws-neckartenzlingen.de\/w\/wp-content\/uploads\/2024\/11\/IMG_0277.jpg 896w, https:\/\/www.aws-neckartenzlingen.de\/w\/wp-content\/uploads\/2024\/11\/IMG_0277-300x250.jpg 300w, https:\/\/www.aws-neckartenzlingen.de\/w\/wp-content\/uploads\/2024\/11\/IMG_0277-768x640.jpg 768w\" sizes=\"auto, (max-width: 896px) 100vw, 896px\" \/><\/p>\n<p>am 23.10.24 fand in der Aula der Auwiesenschule die Mitgliederversammlung des F\u00f6rdervereins Auwiesenschule GWRS e.V. statt. Man konnte auf ein erfolgreiches Schuljahr zur\u00fcckblicken, in dem viele Projekte umgesetzt wurden wie z. B. der Spielzeug- und B\u00fccherflohmarkt oder der Fachvortrag \u201eLernen lernen\u201c. Dadurch konnten nat\u00fcrlich im Gegenzug wiederum schulische Veranstaltungen und Projekte wie z. B. die Autorenlesung, die Beschaffung der Berufswahlordner und der Schulplaner finanziell unterst\u00fctzt werden.<\/p>\n<p>In diesem Jahr standen auch Neuwahlen an. Erfreulicherweise gab es f\u00fcr alle Positionen Kandidaten und so startet das neu gew\u00e4hlte Gremium wie folgt in die zweij\u00e4hrige Amtsperiode:<\/p>\n<p>1.Vorsitzende: Susanne Kostenbader,<\/p>\n<p>2. Vorsitzende: Silvia Draxler,<\/p>\n<p>Schatzmeisterin: Tanja Leber, Beisitzerinnen: Maria Mettas, Corinna Wetzel, Stefanie Woodall-De Pinto, Kassenpr\u00fcferin: Juliane Weber<\/p>\n<p>Vielen Dank an die ausgeschiedenen Gremiumsmitglieder Johannes Wittrock, Maria Theokas und Daniela Radnitz f\u00fcr ihr Engagement in den vergangenen zwei Jahren.<\/p>\n<p>Gemeinsam f\u00fcr eine starke Schule &#8211; in diesem Sinne bedanken wir uns herzlich Dank bei allen, die sich bereit erkl\u00e4rt haben mitzuwirken und freuen uns auf die kommenden Projekte.<\/p>\n<hr \/>\n<p><strong><span style=\"font-size: 24pt; color: #923a3f;\">Spielzeug- und B\u00fccherflohmarkt am 4. Mai<\/span><\/strong><\/p>\n<p><img loading=\"lazy\" decoding=\"async\" class=\"wp-image-30080 size-medium alignright\" src=\"https:\/\/www.aws-neckartenzlingen.de\/w\/wp-content\/uploads\/2024\/05\/IMG_2346-300x205.jpeg\" alt=\"\" width=\"300\" height=\"205\" \/><\/p>\n<p>Bei idealen Flohmarktwetter verwandelte sich der Pausenhof der Auwiesenschule in ein Spielzeug- und B\u00fccherparadies. \u00dcber 30 motivierte Verk\u00e4uferinnen und Verk\u00e4ufer hatten alte Sch\u00e4tze aus ihren Kinderzimmern aussortiert und zum Verkauf angeboten. Es wurde flei\u00dfig gerechnet, verhandelt, getauscht &#8211; ja, so ein Flohmarktstand verlangt einiges ab. Stolz wurden zum Schluss die Einnahmen gez\u00e4hlt.<\/p>\n<p>Wir freuen uns sehr, dass einige Besucher den Weg zu uns fanden und auch die Lehrer der Auwiesenschule waren als Eink\u00e4ufer mit ihren Familien zahlreich vertreten. \u00a0Leckerer Essenduft hing in der Luft, denn die Klassen 5 und 6 verk\u00f6stigten die Besucher mit Roter Wurst, Waffeln und leckeren Kuchen.<\/p>\n<p>Wer so eine tolle Schulgemeinschaft hat, kann sich wirklich gl\u00fccklich sch\u00e4tzen. Vielen Dank daf\u00fcr!<\/p>\n<p>Ganz herzlich bedanken wir uns auch beim F\u00f6rderverein f\u00fcr Kinder- und Jugendliche und bei der Fu\u00dfballabteilung des TSV Neckartenzlingen. Sie werteten das Angebot mit einem Glitzertattoo-Stand und Torwandschie\u00dfen auf.<\/p>\n<hr \/>\n<p><span style=\"font-size: 24pt; color: #923a3f;\"><strong>1. Spielzeug-<span style=\"color: #923a3f;\"> un<\/span><\/strong><strong>d B\u00fccherfl<\/strong><strong><span style=\"color: #923a3f;\">ohma<\/span>rkt der Auwiesenschule<br \/>\n<\/strong><\/span><\/p>\n<p><img loading=\"lazy\" decoding=\"async\" class=\" wp-image-29380 alignright\" src=\"https:\/\/www.aws-neckartenzlingen.de\/w\/wp-content\/uploads\/2023\/05\/Flohmarkt5_23-300x224.jpg\" alt=\"\" width=\"387\" height=\"289\" srcset=\"https:\/\/www.aws-neckartenzlingen.de\/w\/wp-content\/uploads\/2023\/05\/Flohmarkt5_23-300x224.jpg 300w, https:\/\/www.aws-neckartenzlingen.de\/w\/wp-content\/uploads\/2023\/05\/Flohmarkt5_23-768x573.jpg 768w, https:\/\/www.aws-neckartenzlingen.de\/w\/wp-content\/uploads\/2023\/05\/Flohmarkt5_23-720x540.jpg 720w, https:\/\/www.aws-neckartenzlingen.de\/w\/wp-content\/uploads\/2023\/05\/Flohmarkt5_23.jpg 802w\" sizes=\"auto, (max-width: 387px) 100vw, 387px\" \/>Bei sch\u00f6nstem Wetter und bester Laune fand am Samstag 06.05.23 der erste Spielzeug- und B\u00fccher-Flohmarkt auf dem Pausenhof der GWRS statt. Organisiert wurde dieser vom F\u00f6rderverein Auwiesenschule. Sch\u00fcler:innen der Klassen 1 bis 7 durften einen Verkaufsstand anmelden. Voll motiviert kamen die Kinder mit ihren Eltern und bauten ihre St\u00e4nde auf. Von 10 bis 12 Uhr gab es die M\u00f6glichkeit an ca. 55 St\u00e4nden unter den vielen tollen Sachen zu st\u00f6bern und Sch\u00e4tze zu ergattern. Die Anzahl der Besucher h\u00e4tte etwas h\u00f6her sein d\u00fcrfen, dennoch lie\u00df man sich die Laune nicht verderben und handelte auch kr\u00e4ftig untereinander.<\/p>\n<p>Die beiden 3. Klassen nutzten die M\u00f6glichkeit und verkauften Leckereien wie Waffeln und Kuchen, um ihre Schullandheimkassen noch weiter zu f\u00fcllen. Getr\u00e4nke und ein tolles Gewinnspiel gab es am Stand des F\u00f6rdervereins.<\/p>\n<p>Am Ende konnten nicht verkaufte Spielsachen an die Kleiderkammer gespendet werden. Nun d\u00fcrfen sich Kinder, die sich nicht so viel leisten k\u00f6nnen, \u00fcber Spielsachen freuen!<\/p>\n<p>Vielen Dank an alle Helfer und Teilnehmer und Besucher.<\/p>\n<p>Euer F\u00f6rderverein Auwiesenschule<br \/>\nKontakt: <a href=\"mailto:foev@aws-neckartenzlingen.de\">foev@aws-neckartenzlingen.de<\/a><\/p>\n<hr \/>\n<p><span style=\"font-size: 24pt; color: #923a3f;\"><strong>Spielzeug- und B\u00fccherflohmarkt<\/strong><\/span><br \/>\n19. April 2023<\/p>\n<p><img loading=\"lazy\" decoding=\"async\" class=\" wp-image-29352 alignleft\" src=\"https:\/\/www.aws-neckartenzlingen.de\/w\/wp-content\/uploads\/2023\/04\/Schueler-Flohmarkt-212x300.jpg\" alt=\"\" width=\"279\" height=\"395\" srcset=\"https:\/\/www.aws-neckartenzlingen.de\/w\/wp-content\/uploads\/2023\/04\/Schueler-Flohmarkt-212x300.jpg 212w, https:\/\/www.aws-neckartenzlingen.de\/w\/wp-content\/uploads\/2023\/04\/Schueler-Flohmarkt.jpg 566w\" sizes=\"auto, (max-width: 279px) 100vw, 279px\" \/>Am\u00a0<strong>Samstag, den 06.05.2023<\/strong>\u00a0veranstaltet der F\u00f6rderverein Auwiesenschule von\u00a0<strong>10 bis 12 Uhr<\/strong>\u00a0einen<\/p>\n<p style=\"text-align: center;\"><strong>Spielzeug- und B\u00fccherflohmarkt.\u00a0<\/strong><\/p>\n<p>Der Flohmarkt findet auf dem Schulhof der Auwiesenschule statt. Die Kinder der Klassen 1 bis 7 verkaufen Spielsachen und B\u00fccher f\u00fcr alle lese- und spielbegeisterten Kinder.<\/p>\n<p>Dank der Bewirtung der Klassen 3a und b ist auch f\u00fcr das leibliche Wohl bestens gesorgt. Bei schlechtem Wetter wird der Flohmarkt in die Aula verlegt.<\/p>\n<p>Wir freuen uns auf viele kleine und gro\u00dfe Besucher!<\/p>\n<p>&nbsp;<\/p>\n<p>F\u00f6rderverein Auwiesenschule<\/p>\n<p>Tel: 01520-846 86 44<br \/>\n<a class=\"moz-txt-link-abbreviated moz-txt-link-freetext\" href=\"mailto:foev@aws-neckartenzlingen.de\">foev@aws-neckartenzlingen.de<\/a><\/p>\n<hr \/>\n<p><strong><span style=\"color: #923a3f; font-size: 24pt;\">Gewinnspiel auf dem Wochenmarkt<\/span><\/strong><\/p>\n<p>29. November 2022<\/p>\n<p style=\"text-align: left;\"><img loading=\"lazy\" decoding=\"async\" class=\"size-medium wp-image-29036 alignleft\" src=\"https:\/\/www.aws-neckartenzlingen.de\/w\/wp-content\/uploads\/2022\/11\/gewinnspiel_foeve_22-e1669789378984-214x300.jpg\" alt=\"\" width=\"214\" height=\"300\" srcset=\"https:\/\/www.aws-neckartenzlingen.de\/w\/wp-content\/uploads\/2022\/11\/gewinnspiel_foeve_22-e1669789378984-214x300.jpg 214w, https:\/\/www.aws-neckartenzlingen.de\/w\/wp-content\/uploads\/2022\/11\/gewinnspiel_foeve_22-e1669789378984.jpg 400w\" sizes=\"auto, (max-width: 214px) 100vw, 214px\" \/>Am Samstag, 03.12.2022 sind wir mit einem Stand auf dem Wochenmarkt vertreten.<\/p>\n<p>Mit einem Gewinnspiel m\u00f6chten wir Spenden f\u00fcr das diesj\u00e4hrige Projekt &#8222;Wasserspender f\u00fcr die Auwiesenschule&#8220; sammeln.<\/p>\n<p>Kommen Sie vorbei, sagen Sie es weiter &#8211; wir freuen uns auf viele pers\u00f6nliche Gespr\u00e4che.<\/p>\n<p>&nbsp;<\/p>\n<p>&nbsp;<\/p>\n<hr \/>\n<p><span style=\"color: #923a3f;\"><strong><span style=\"font-size: 24pt;\">Gewinner <\/span><\/strong><strong><span style=\"font-size: 24pt;\">stehen<\/span><\/strong><strong><span style=\"font-size: 24pt;\"> fest \u2013 Schulhund Gewinnspiel<br \/>\n<\/span><\/strong><\/span>17. Mai 2021<\/p>\n<p><img loading=\"lazy\" decoding=\"async\" class=\"size-medium wp-image-27764 alignright\" src=\"https:\/\/www.aws-neckartenzlingen.de\/w\/wp-content\/uploads\/2021\/05\/C93FE58B-4A86-41C8-A073-346EBC559C74-300x214.jpeg\" alt=\"\" width=\"300\" height=\"214\" srcset=\"https:\/\/www.aws-neckartenzlingen.de\/w\/wp-content\/uploads\/2021\/05\/C93FE58B-4A86-41C8-A073-346EBC559C74-300x214.jpeg 300w, https:\/\/www.aws-neckartenzlingen.de\/w\/wp-content\/uploads\/2021\/05\/C93FE58B-4A86-41C8-A073-346EBC559C74-768x548.jpeg 768w, https:\/\/www.aws-neckartenzlingen.de\/w\/wp-content\/uploads\/2021\/05\/C93FE58B-4A86-41C8-A073-346EBC559C74.jpeg 800w\" sizes=\"auto, (max-width: 300px) 100vw, 300px\" \/>Bei unserem Gewinnspiel ging es darum, unseren Schulhund Calea in den Videosequenzen zu entdecken. Daher hat nat\u00fcrlich auch Calea die Auslosung der Gewinne \u00fcbernommen.<\/p>\n<p>Zu gewinnen gab es:<\/p>\n<p class=\"s2\">1. Platz: \u00a0 \u200b20 \u20ac Kartbahn-Gutschein Neckartenzlingen<\/p>\n<p class=\"s2\">2. Platz: \u00a0 \u200b15 \u20ac Bowling-Gutschein Metzingen<\/p>\n<p class=\"s2\">3. Platz: \u00a0 \u200b20 \u20ac H\u00f6rz &amp; Daiber-Gutschein Neckartenzlingen<\/p>\n<p class=\"s2\">4.-10. Platz: Gutschein \u00fcber je 2 Kugeln Eis im Eiscafe Adria Neckartenzlingen<\/p>\n<p class=\"s2\">Die Gewinner wurden per E-Mail benachrichtigt.<\/p>\n<p class=\"s2\"><span class=\"s3\">HERZLICHEN GL\u00dcCKWUNSCH<\/span> an alle Gewinner und viel Spa\u00df mit dem Gewinn w\u00fcnscht der F\u00f6rderverein Auwiesenschule Neckartenzlingen.<\/p>\n<hr \/>\n<p><span style=\"font-size: 24pt; color: #923a3f;\"><strong>Gewinnspiel des F\u00f6rdervereins<\/strong><\/span><br \/>\n15. Februar 2021<\/p>\n<p>Da in diesem Jahr nicht wie gewohnt ein \u201eTag der offenen T\u00fcr\u201c stattfinden kann, m\u00f6chte die Auwiesenschule unsere Werkrealschule in <a href=\"https:\/\/www.aws-neckartenzlingen.de\/w\/leben-lernen-an-der-auwiesenschule\/\" target=\"_blank\" rel=\"noopener\">kurzen Filmsequenzen<\/a> vorstellen.<\/p>\n<p><img loading=\"lazy\" decoding=\"async\" class=\" wp-image-27376 alignleft\" src=\"https:\/\/www.aws-neckartenzlingen.de\/w\/wp-content\/uploads\/2021\/02\/film-reel-147631_640-273x300.png\" alt=\"\" width=\"168\" height=\"185\" srcset=\"https:\/\/www.aws-neckartenzlingen.de\/w\/wp-content\/uploads\/2021\/02\/film-reel-147631_640-273x300.png 273w, https:\/\/www.aws-neckartenzlingen.de\/w\/wp-content\/uploads\/2021\/02\/film-reel-147631_640.png 582w\" sizes=\"auto, (max-width: 168px) 100vw, 168px\" \/>Wir vom F\u00f6rderverein unterst\u00fctzen diese neue M\u00f6glichkeit, sich \u00fcber die weiterf\u00fchrende Schule zu informieren, und verbinden die Filmsequenzen mit einem Gewinnspiel.<\/p>\n<p>In einigen der Filme ist unser Schulhund CALEA zu finden.<\/p>\n<p>Wer alle Filme mit CALEA findet und uns <strong>bis zum 20. M\u00e4rz 2021<\/strong> die richtigen Filmtitel sowie seinen Namen und Adresse zur\u00fcckmeldet, kann tolle Preise gewinnen. (Kart-, Bowling-, oder B\u00fcchergutscheine sowie jede Menge Trostpreise.)<\/p>\n<p>Hier geht es zu den <a href=\"https:\/\/www.aws-neckartenzlingen.de\/w\/wp-content\/uploads\/2021\/02\/Teilnahmebedingungen.pdf\" target=\"_blank\" rel=\"noopener\">Teilnahmebedingungen<\/a>.<\/p>\n<table style=\"width: 98.7953%; border-collapse: collapse; border-style: dashed; border-color: #923a3f;\">\n<tbody>\n<tr>\n<td style=\"width: 100%;\">Die <strong>R\u00fcckmeldung<\/strong> kann per E-Mail oder Post erfolgen <strong>an<\/strong>:<\/p>\n<p><strong>F\u00f6rderverein Auwiesenschule GWRS e.V<\/strong><\/p>\n<p>Grund- und Werkrealschule<br \/>\nAuwiesen 1<br \/>\n72654 Neckartenzlingen<\/p>\n<p>E-Mail: <a href=\"mailto:foev@aws-neckartenzlingen.de\">foev@aws-neckartenzlingen.de<\/a><\/td>\n<\/tr>\n<\/tbody>\n<\/table>\n<hr \/>\n<p><span style=\"color: #923a3f; font-size: 24pt;\"><strong>Kinderfasching Online \u2013 zum Mitmachen von zu Hause aus!<\/strong><\/span><br \/>\n08. Februar 2021<\/p>\n<p><img loading=\"lazy\" decoding=\"async\" class=\"wp-image-27110 alignleft\" src=\"https:\/\/www.aws-neckartenzlingen.de\/w\/wp-content\/uploads\/2021\/02\/Fasching-300x140.jpg\" alt=\"\" width=\"529\" height=\"247\" srcset=\"https:\/\/www.aws-neckartenzlingen.de\/w\/wp-content\/uploads\/2021\/02\/Fasching-300x140.jpg 300w, https:\/\/www.aws-neckartenzlingen.de\/w\/wp-content\/uploads\/2021\/02\/Fasching.jpg 511w\" sizes=\"auto, (max-width: 529px) 100vw, 529px\" \/>Da es dieses Jahr weder Fasnetsumz\u00fcge noch Faschingspartys geben wird, haben wir uns etwas \u00fcberlegt, um in dieser Zeit den Kindern eine Freude zu bereiten.<\/p>\n<p><strong>Erlebe mit Clown Clip und Herrn Wunderle eine wunderbar bunte Stunde voller Spa\u00df und Freude<\/strong><\/p>\n<p>Mit einem ganz besonderen Mitmachprogramm m\u00f6chten Clown Clip und Herr Wunderle eine digitale Faschings-Party mit euch feiern. Freut euch auf Zauberei, Musik, Jonglage und Animation. Faschingsdekoration, Partysnacks und Kost\u00fcme &#8211; und schon kann die Party steigen.<\/p>\n<p><strong>Wann?<\/strong>\u00a0 \u00a0Am <strong>Fasnets-Samstag,<\/strong> <strong>13.02.2021<\/strong>, steht das einst\u00fcndige Video ab <strong>14 Uhr f\u00fcr 24 Stunden<\/strong> zur Verf\u00fcgung.<\/p>\n<p><strong>Wie?<\/strong>\u00a0 \u00a0 \u00a0\u00a0Der Link wird einen Tag vorher an alle Sch\u00fcler der Auwiesenschule per E-Mail verschickt.<\/p>\n<p>Das freigeschaltete Video steht 24 Stunden zur Ansicht bereit. Es kann zum individuell passenden Zeitpunkt angesehen werden, auch Pausen sind m\u00f6glich.<\/p>\n<p>Die Online-Kinderfasnet verdanken wir einer Kooperation des F\u00f6rdervereins f\u00fcr Kinder und Jugendliche, des F\u00f6rdervereins der Auwiesenschule und des Kindersachenbasars Neckartenzlingen.<\/p>\n<p>Liebe kleine und gro\u00dfe N\u00e4rinnen und Narren:<br \/>\n<strong>wir w\u00fcnschen euch ganz viel Spa\u00df beim Feiern!<br \/>\n<\/strong><\/p>\n<hr \/>\n<p><span style=\"font-size: 24pt; color: #923a3f;\"><strong>Die Buch-Tauschb\u00f6rse<br \/>\n<\/strong><\/span>27.November 2020<\/p>\n<p><img loading=\"lazy\" decoding=\"async\" class=\"wp-image-27112 alignright\" src=\"https:\/\/www.aws-neckartenzlingen.de\/w\/wp-content\/uploads\/2021\/02\/Buchboerse-300x203.jpg\" alt=\"\" width=\"375\" height=\"254\" srcset=\"https:\/\/www.aws-neckartenzlingen.de\/w\/wp-content\/uploads\/2021\/02\/Buchboerse-300x203.jpg 300w, https:\/\/www.aws-neckartenzlingen.de\/w\/wp-content\/uploads\/2021\/02\/Buchboerse.jpg 400w\" sizes=\"auto, (max-width: 375px) 100vw, 375px\" \/>Wir freuen uns sehr, dass unser erstes Projekt, die \u201eBuch-Tauschb\u00f6rse\u201c gleich so gut angenommen wurde. \u00dcber 350 B\u00fccher wurden in den von uns bereitgestellten Sammelkisten von Sch\u00fclern f\u00fcr Sch\u00fcler abgegeben. Zus\u00e4tzlich gab es auch noch Buchspenden von Privat und der B\u00fccherei. Vielen Dank hierf\u00fcr.<\/p>\n<p>Das bereits vielfach umgesetzte Konzept ist simple und doch so genial: Man hat unz\u00e4hlige bereits gelesene B\u00fccher im Regal stehen und wei\u00df nicht wohin damit. Jemand anderes w\u00fcrde sich dar\u00fcber freuen. Die \u201eBuch-Tauschb\u00f6rse\u201c erm\u00f6glicht einen kostenlosen Austausch von B\u00fcchern. Gerade in der heutigen Zeit ist \u201eLesen\u201c ein ganz wichtiges Thema, das in den Schulen u.a. mit Vorlese-Tagen bereits gef\u00f6rdert wird. Die Buch-Tauschb\u00f6rse erm\u00f6glicht nun allen Sch\u00fcler*innen den Zugang zu neuem Lesestoff.<\/p>\n<p><strong>Die Buch-Tauschb\u00f6rse ist ein Projekt das auch weiterhin von Buchspenden lebt. Daher freuen wir uns und die Sch\u00fcler sich immer \u00fcber neue B\u00fccher, die bereitgestellt werden k\u00f6nnen.<\/strong><\/p>\n","protected":false},"excerpt":{"rendered":"<p>Download (*.pdf) Flyer des Schulf\u00f6rdervereins Einladung zur Mitgliederversammlung am 20.10.2025 Download (*.pdf) F\u00f6rderverein begeistert beim<\/p>\n","protected":false},"author":1,"featured_media":0,"parent":0,"menu_order":0,"comment_status":"closed","ping_status":"closed","template":"","meta":{"_themeisle_gutenberg_block_has_review":false,"footnotes":""},"class_list":["post-27100","page","type-page","status-publish","hentry"],"publishpress_future_action":{"enabled":false,"date":"2026-05-14 04:44:44","action":"change-status","newStatus":"draft","terms":[],"taxonomy":"","extraData":[]},"publishpress_future_workflow_manual_trigger":{"enabledWorkflows":[]},"_links":{"self":[{"href":"https:\/\/www.aws-neckartenzlingen.de\/w\/wp-json\/wp\/v2\/pages\/27100","targetHints":{"allow":["GET"]}}],"collection":[{"href":"https:\/\/www.aws-neckartenzlingen.de\/w\/wp-json\/wp\/v2\/pages"}],"about":[{"href":"https:\/\/www.aws-neckartenzlingen.de\/w\/wp-json\/wp\/v2\/types\/page"}],"author":[{"embeddable":true,"href":"https:\/\/www.aws-neckartenzlingen.de\/w\/wp-json\/wp\/v2\/users\/1"}],"replies":[{"embeddable":true,"href":"https:\/\/www.aws-neckartenzlingen.de\/w\/wp-json\/wp\/v2\/comments?post=27100"}],"version-history":[{"count":67,"href":"https:\/\/www.aws-neckartenzlingen.de\/w\/wp-json\/wp\/v2\/pages\/27100\/revisions"}],"predecessor-version":[{"id":30917,"href":"https:\/\/www.aws-neckartenzlingen.de\/w\/wp-json\/wp\/v2\/pages\/27100\/revisions\/30917"}],"wp:attachment":[{"href":"https:\/\/www.aws-neckartenzlingen.de\/w\/wp-json\/wp\/v2\/media?parent=27100"}],"curies":[{"name":"wp","href":"https:\/\/api.w.org\/{rel}","templated":true}]}}