{"id":28845,"date":"2022-09-11T11:47:33","date_gmt":"2022-09-11T09:47:33","guid":{"rendered":"https:\/\/www.aws-neckartenzlingen.de\/w\/?page_id=28845"},"modified":"2026-01-16T16:28:22","modified_gmt":"2026-01-16T15:28:22","slug":"pruefungstermine","status":"publish","type":"page","link":"https:\/\/www.aws-neckartenzlingen.de\/w\/pruefungstermine\/","title":{"rendered":"Pr\u00fcfungstermine"},"content":{"rendered":"<div class=\"the_content\">\n<h3>Die Pr\u00fcfungstermine 2026:<\/h3>\n<p><a href=\"https:\/\/km.baden-wuerttemberg.de\/de\/schule\/werkrealschule\/hauptschule\/termine-der-abschlusspruefungen-der-haupt-und-werkrealschule\" target=\"_blank\" rel=\"noopener\">Pr\u00fcfungstermine<\/a> der Abschlusspr\u00fcfungen f\u00fcr Haupt- und Werkrealschulen auf der Homepage des Kultusministeriums Baden-W\u00fcrttemberg<\/p>\n<div class=\"basecontent-pbsbw---html-editor\">\n<p>&nbsp;<\/p>\n<\/div>\n<\/div>\n","protected":false},"excerpt":{"rendered":"<p>Die Pr\u00fcfungstermine 2026: Pr\u00fcfungstermine der Abschlusspr\u00fcfungen f\u00fcr Haupt- und Werkrealschulen auf der Homepage des Kultusministeriums<\/p>\n","protected":false},"author":1,"featured_media":0,"parent":0,"menu_order":0,"comment_status":"closed","ping_status":"closed","template":"","meta":{"_themeisle_gutenberg_block_has_review":false,"footnotes":""},"class_list":["post-28845","page","type-page","status-publish","hentry"],"publishpress_future_action":{"enabled":false,"date":"2026-05-06 15:19:15","action":"change-status","newStatus":"draft","terms":[],"taxonomy":"","extraData":[]},"publishpress_future_workflow_manual_trigger":{"enabledWorkflows":[]},"_links":{"self":[{"href":"https:\/\/www.aws-neckartenzlingen.de\/w\/wp-json\/wp\/v2\/pages\/28845","targetHints":{"allow":["GET"]}}],"collection":[{"href":"https:\/\/www.aws-neckartenzlingen.de\/w\/wp-json\/wp\/v2\/pages"}],"about":[{"href":"https:\/\/www.aws-neckartenzlingen.de\/w\/wp-json\/wp\/v2\/types\/page"}],"author":[{"embeddable":true,"href":"https:\/\/www.aws-neckartenzlingen.de\/w\/wp-json\/wp\/v2\/users\/1"}],"replies":[{"embeddable":true,"href":"https:\/\/www.aws-neckartenzlingen.de\/w\/wp-json\/wp\/v2\/comments?post=28845"}],"version-history":[{"count":18,"href":"https:\/\/www.aws-neckartenzlingen.de\/w\/wp-json\/wp\/v2\/pages\/28845\/revisions"}],"predecessor-version":[{"id":31019,"href":"https:\/\/www.aws-neckartenzlingen.de\/w\/wp-json\/wp\/v2\/pages\/28845\/revisions\/31019"}],"wp:attachment":[{"href":"https:\/\/www.aws-neckartenzlingen.de\/w\/wp-json\/wp\/v2\/media?parent=28845"}],"curies":[{"name":"wp","href":"https:\/\/api.w.org\/{rel}","templated":true}]}}