{"id":658,"date":"2018-02-26T17:56:10","date_gmt":"2018-02-26T16:56:10","guid":{"rendered":"http:\/\/www.aws-neckartenzlingen.de\/w\/?page_id=658"},"modified":"2021-12-17T19:38:53","modified_gmt":"2021-12-17T18:38:53","slug":"handwerkskammer-ihk","status":"publish","type":"page","link":"https:\/\/www.aws-neckartenzlingen.de\/w\/handwerkskammer-ihk\/","title":{"rendered":"Die Kammern &#8211; HWK &#038; IHK"},"content":{"rendered":"<p><strong><span style=\"font-size: 14pt;\">Handwerkskammer und Industrie- und Handelskammer<\/span><\/strong><\/p>\n<p><span style=\"font-family: Arial,serif;\"><span style=\"font-size: medium;\">In unserem berufsorientierenden Unterricht erfahren die Sch\u00fcler, welche Angebote ihnen die Handwerkskammer und die Industrie- und Handelskammer im Bereich der Lehrstellensuche und der Aus- und Weiterbildung unterbreiten.<\/span><\/span><\/p>\n<p><span style=\"font-family: Arial,serif;\"><span style=\"font-size: medium;\">Gerne lassen wir uns auch <a href=\"https:\/\/www.aws-neckartenzlingen.de\/w\/2019\/07\/17\/ausbildungsbotschafter-an-der-aws\/\" target=\"_blank\" rel=\"noopener\">Ausbildungsbotschafter<\/a> vermitteln, die den Sch\u00fclern \u00fcber ihre eigene Berufsentscheidung, die Ausbildung und die Karrierechancen Rede und Antwort stehen.<\/span><\/span><\/p>\n<p><span style=\"font-family: Arial,serif;\"><span style=\"font-size: medium;\">Veranstaltungen mit Informationen \u00fcber Berufsbilder oder Bewerbungstrainings werden immer wieder gebucht und im Unterricht erfolgreich durchgef\u00fchrt.<\/span><\/span><\/p>\n<p><span style=\"font-family: Arial,serif;\"><span style=\"font-size: medium;\">Die Online-Handwerkssimulation <a href=\"https:\/\/www.hwk-stuttgart.de\/artikel\/meisterpower-berufliche-selbststaendigkeit-spielerisch-erlernen-67,66,511.html\" target=\"_blank\" rel=\"noopener\">\u201cMeisterPOWER\u201c<\/a>, ein Unterrichtsangebot der Handwerkskammer tr\u00e4gt zum besseren Verst\u00e4ndnis von Abl\u00e4ufen und Zusammenh\u00e4ngen in einem Betrieb bei.<\/span><\/span><\/p>\n<p><span style=\"font-family: Arial,serif;\"><span style=\"font-size: medium;\">Die Kammern bahnen f\u00fcr unsere Schule Bildungspartnerschaften an. Diese werden mit Firmen und Einrichtungen aus den verschiedenen Branchen geschlossen mit dem Ziel, den Sch\u00fclern Einblicke in die Berufswelt zu erm\u00f6glichen und in Projekten praktische Erfahrungen zu sammeln.<\/span><\/span><\/p>\n<p><span style=\"font-family: Arial,serif;\"><span style=\"font-size: medium;\">Im Februar 2018 besuchte das Lehrerkollegium der Auwiesenschule die <a href=\"https:\/\/www.aws-neckartenzlingen.de\/w\/2018\/02\/23\/kollegium-der-aws-bei-der-handwerkskammer\/\">Bildungsakademie der Handwerkskammer Stuttgart<\/a> und tauschte sich nach einer F\u00fchrung durch die Werkst\u00e4tten \u00fcber die Anforderungen und Chancen f\u00fcr Auszubildende im Handwerk aus.<br \/>\n<\/span><\/span><\/p>\n<p><em><strong>\u00a0<\/strong><\/em><\/p>\n","protected":false},"excerpt":{"rendered":"<p>Handwerkskammer und Industrie- und Handelskammer In unserem berufsorientierenden Unterricht erfahren die Sch\u00fcler, welche Angebote ihnen<\/p>\n","protected":false},"author":1,"featured_media":0,"parent":0,"menu_order":0,"comment_status":"closed","ping_status":"closed","template":"","meta":{"_themeisle_gutenberg_block_has_review":false,"footnotes":""},"class_list":["post-658","page","type-page","status-publish","hentry"],"publishpress_future_action":{"enabled":false,"date":"2026-04-25 05:15:31","action":"change-status","newStatus":"draft","terms":[],"taxonomy":"","extraData":[]},"publishpress_future_workflow_manual_trigger":{"enabledWorkflows":[]},"_links":{"self":[{"href":"https:\/\/www.aws-neckartenzlingen.de\/w\/wp-json\/wp\/v2\/pages\/658","targetHints":{"allow":["GET"]}}],"collection":[{"href":"https:\/\/www.aws-neckartenzlingen.de\/w\/wp-json\/wp\/v2\/pages"}],"about":[{"href":"https:\/\/www.aws-neckartenzlingen.de\/w\/wp-json\/wp\/v2\/types\/page"}],"author":[{"embeddable":true,"href":"https:\/\/www.aws-neckartenzlingen.de\/w\/wp-json\/wp\/v2\/users\/1"}],"replies":[{"embeddable":true,"href":"https:\/\/www.aws-neckartenzlingen.de\/w\/wp-json\/wp\/v2\/comments?post=658"}],"version-history":[{"count":12,"href":"https:\/\/www.aws-neckartenzlingen.de\/w\/wp-json\/wp\/v2\/pages\/658\/revisions"}],"predecessor-version":[{"id":27564,"href":"https:\/\/www.aws-neckartenzlingen.de\/w\/wp-json\/wp\/v2\/pages\/658\/revisions\/27564"}],"wp:attachment":[{"href":"https:\/\/www.aws-neckartenzlingen.de\/w\/wp-json\/wp\/v2\/media?parent=658"}],"curies":[{"name":"wp","href":"https:\/\/api.w.org\/{rel}","templated":true}]}}